{"id":20,"date":"2023-02-07T21:03:24","date_gmt":"2023-02-07T20:03:24","guid":{"rendered":"https:\/\/rfinances.fr\/?page_id=20"},"modified":"2025-05-08T12:04:21","modified_gmt":"2025-05-08T10:04:21","slug":"accueil","status":"publish","type":"page","link":"https:\/\/rfinances.fr\/","title":{"rendered":"Accueil"},"content":{"rendered":"\n<div class=\"wp-block-cover alignfull is-light\" style=\"min-height:681px;aspect-ratio:unset;\"><span aria-hidden=\"true\" class=\"wp-block-cover__background has-background-dim-100 has-background-dim has-background-gradient\" style=\"background:linear-gradient(35deg,rgb(35,35,76) 1%,rgb(64,132,168) 73%,rgb(249,181,94) 100%)\"><\/span><div class=\"wp-block-cover__inner-container is-layout-flow wp-block-cover-is-layout-flow\">\n<div class=\"inherit-container-width wp-block-group alignwide is-layout-constrained wp-block-group-is-layout-constrained\">\n<div style=\"height:77px\" aria-hidden=\"true\" class=\"wp-block-spacer\"><\/div>\n\n\n\n<div class=\"wp-block-columns alignwide are-vertically-aligned-center is-layout-flex wp-container-core-columns-is-layout-28f84493 wp-block-columns-is-layout-flex\">\n<div class=\"wp-block-column is-layout-flow wp-block-column-is-layout-flow\" style=\"flex-basis:56%\">\n<div style=\"height:46px\" aria-hidden=\"true\" class=\"wp-block-spacer\"><\/div>\n\n\n\n<div id=\"wp-block-themeisle-blocks-advanced-columns-0e1e7686\" class=\"wp-block-themeisle-blocks-advanced-columns has-2-columns has-desktop-oneTwo-layout has-tablet-equal-layout has-mobile-collapsedRows-layout has-vertical-unset\"><div class=\"wp-block-themeisle-blocks-advanced-columns-overlay\"><\/div><div class=\"innerblocks-wrap\">\n<div id=\"wp-block-themeisle-blocks-advanced-column-238b7dc3\" class=\"wp-block-themeisle-blocks-advanced-column\">\n<figure class=\"wp-block-image size-full is-resized has-custom-border\" style=\"margin-right:var(--wp--preset--spacing--40);margin-left:var(--wp--preset--spacing--40)\"><img alt=\"Logo Ressources Finances\" loading=\"lazy\" decoding=\"async\" width=\"556\" height=\"673\" src=\"https:\/\/rfinances.fr\/wp-content\/uploads\/2025\/05\/Image1.png\" alt=\"\" class=\"wp-image-578\" style=\"border-style:none;border-width:0px;width:222px;height:auto\" srcset=\"https:\/\/rfinances.fr\/wp-content\/uploads\/2025\/05\/Image1.png 556w, https:\/\/rfinances.fr\/wp-content\/uploads\/2025\/05\/Image1-248x300.png 248w\" sizes=\"auto, (max-width: 556px) 100vw, 556px\" \/><\/figure>\n<\/div>\n\n\n\n<div id=\"wp-block-themeisle-blocks-advanced-column-2222c8eb\" class=\"wp-block-themeisle-blocks-advanced-column\">\n<h1 class=\"wp-block-heading\" style=\"border-top-style:none;border-top-width:0px;border-right-style:none;border-right-width:0px;border-bottom-style:none;border-bottom-width:0px\">Ressources Finances <\/h1>\n<\/div>\n<\/div><\/div>\n\n\n\n<p><\/p>\n\n\n\n<div class=\"wp-block-buttons alignwide is-content-justification-center is-layout-flex wp-container-core-buttons-is-layout-a89b3969 wp-block-buttons-is-layout-flex\">\n<div class=\"wp-block-button\"><a class=\"wp-block-button__link wp-element-button\" href=\"https:\/\/rfinances.fr\/index.php\/services\/\">Voir nos services<\/a><\/div>\n<\/div>\n<\/div>\n\n\n\n<div class=\"wp-block-column is-layout-flow wp-block-column-is-layout-flow\" style=\"flex-basis:44%\">\n<div id=\"wp-block-themeisle-blocks-advanced-columns-b9210e12\" class=\"wp-block-themeisle-blocks-advanced-columns has-2-columns has-desktop-oneTwo-layout has-tablet-equal-layout has-mobile-collapsedRows-layout has-vertical-unset\"><div class=\"wp-block-themeisle-blocks-advanced-columns-overlay\"><\/div><div class=\"innerblocks-wrap\">\n<div id=\"wp-block-themeisle-blocks-advanced-column-f446be81\" class=\"wp-block-themeisle-blocks-advanced-column\">\n<figure class=\"wp-block-image aligncenter size-large is-resized is-style-rounded\"><img loading=\"lazy\" decoding=\"async\" width=\"1024\" height=\"947\" src=\"https:\/\/rfinances.fr\/wp-content\/uploads\/2025\/05\/undraw_developer-activity_4zqd-1-1024x947.png\" alt=\"Comptabilit\u00e9\" class=\"wp-image-573\" style=\"width:139px;height:auto\" srcset=\"https:\/\/rfinances.fr\/wp-content\/uploads\/2025\/05\/undraw_developer-activity_4zqd-1-1024x947.png 1024w, https:\/\/rfinances.fr\/wp-content\/uploads\/2025\/05\/undraw_developer-activity_4zqd-1-300x277.png 300w, https:\/\/rfinances.fr\/wp-content\/uploads\/2025\/05\/undraw_developer-activity_4zqd-1-768x710.png 768w, https:\/\/rfinances.fr\/wp-content\/uploads\/2025\/05\/undraw_developer-activity_4zqd-1-1536x1421.png 1536w, https:\/\/rfinances.fr\/wp-content\/uploads\/2025\/05\/undraw_developer-activity_4zqd-1.png 1610w\" sizes=\"auto, (max-width: 1024px) 100vw, 1024px\" \/><\/figure>\n\n\n\n<div style=\"height:50px\" aria-hidden=\"true\" class=\"wp-block-spacer\"><\/div>\n\n\n\n<figure class=\"wp-block-image aligncenter size-large is-resized is-style-rounded\"><img loading=\"lazy\" decoding=\"async\" width=\"1024\" height=\"930\" src=\"https:\/\/rfinances.fr\/wp-content\/uploads\/2025\/05\/undraw_co-working_becw-1-1024x930.png\" alt=\"Coworking\" class=\"wp-image-576\" style=\"width:140px;height:auto\" srcset=\"https:\/\/rfinances.fr\/wp-content\/uploads\/2025\/05\/undraw_co-working_becw-1-1024x930.png 1024w, https:\/\/rfinances.fr\/wp-content\/uploads\/2025\/05\/undraw_co-working_becw-1-300x272.png 300w, https:\/\/rfinances.fr\/wp-content\/uploads\/2025\/05\/undraw_co-working_becw-1-768x698.png 768w, https:\/\/rfinances.fr\/wp-content\/uploads\/2025\/05\/undraw_co-working_becw-1-1536x1395.png 1536w, https:\/\/rfinances.fr\/wp-content\/uploads\/2025\/05\/undraw_co-working_becw-1.png 1766w\" sizes=\"auto, (max-width: 1024px) 100vw, 1024px\" \/><\/figure>\n\n\n\n<div style=\"height:50px\" aria-hidden=\"true\" class=\"wp-block-spacer\"><\/div>\n\n\n\n<figure class=\"wp-block-image aligncenter size-large is-resized is-style-rounded\"><img loading=\"lazy\" decoding=\"async\" width=\"789\" height=\"1024\" src=\"https:\/\/rfinances.fr\/wp-content\/uploads\/2025\/05\/undraw_letter_ombg-2-789x1024.png\" alt=\"Domiciliation\" class=\"wp-image-577\" style=\"width:92px;height:auto\" srcset=\"https:\/\/rfinances.fr\/wp-content\/uploads\/2025\/05\/undraw_letter_ombg-2-789x1024.png 789w, https:\/\/rfinances.fr\/wp-content\/uploads\/2025\/05\/undraw_letter_ombg-2-231x300.png 231w, https:\/\/rfinances.fr\/wp-content\/uploads\/2025\/05\/undraw_letter_ombg-2-768x996.png 768w, https:\/\/rfinances.fr\/wp-content\/uploads\/2025\/05\/undraw_letter_ombg-2.png 996w\" sizes=\"auto, (max-width: 789px) 100vw, 789px\" \/><\/figure>\n<\/div>\n\n\n\n<div id=\"wp-block-themeisle-blocks-advanced-column-340b3429\" class=\"wp-block-themeisle-blocks-advanced-column\">\n<div style=\"height:35px\" aria-hidden=\"true\" class=\"wp-block-spacer\"><\/div>\n\n\n\n<h2 class=\"wp-block-heading\">Comptabilit\u00e9<\/h2>\n\n\n\n<div style=\"height:90px\" aria-hidden=\"true\" class=\"wp-block-spacer\"><\/div>\n\n\n\n<h2 class=\"wp-block-heading\">Coworking<\/h2>\n\n\n\n<div style=\"height:90px\" aria-hidden=\"true\" class=\"wp-block-spacer\"><\/div>\n\n\n\n<h2 class=\"wp-block-heading\">Domiciliation<\/h2>\n<\/div>\n<\/div><\/div>\n<\/div>\n<\/div>\n<\/div>\n<\/div><\/div>\n\n\n\n<div class=\"wp-block-group alignfull has-ast-global-color-5-background-color has-background is-layout-constrained wp-container-core-group-is-layout-9cedb757 wp-block-group-is-layout-constrained\" style=\"padding-bottom:0px\">\n<div class=\"wp-block-columns are-vertically-aligned-top is-layout-flex wp-container-core-columns-is-layout-00723822 wp-block-columns-is-layout-flex\">\n<div class=\"wp-block-column is-vertically-aligned-top is-layout-flow wp-container-core-column-is-layout-6b73ce23 wp-block-column-is-layout-flow\">\n<figure class=\"wp-block-image size-large\"><img alt=\"Experts\" loading=\"lazy\" decoding=\"async\" width=\"1024\" height=\"652\" src=\"https:\/\/rfinances.fr\/wp-content\/uploads\/2023\/02\/undraw_Experts_re_i40h-1024x652.png\" alt=\"\" class=\"wp-image-82\" srcset=\"https:\/\/rfinances.fr\/wp-content\/uploads\/2023\/02\/undraw_Experts_re_i40h-1024x652.png 1024w, https:\/\/rfinances.fr\/wp-content\/uploads\/2023\/02\/undraw_Experts_re_i40h-300x191.png 300w, https:\/\/rfinances.fr\/wp-content\/uploads\/2023\/02\/undraw_Experts_re_i40h-768x489.png 768w, https:\/\/rfinances.fr\/wp-content\/uploads\/2023\/02\/undraw_Experts_re_i40h.png 1035w\" sizes=\"auto, (max-width: 1024px) 100vw, 1024px\" \/><\/figure>\n\n\n\n<h3 class=\"wp-block-heading has-text-align-center\" style=\"margin-top:16px\">Experts<\/h3>\n\n\n\n<p class=\"has-text-align-center\">Nous sommes <br>Expert-Comptable et<br>\u00e0 votre service !<\/p>\n<\/div>\n\n\n\n<div class=\"wp-block-column is-vertically-aligned-top is-layout-flow wp-container-core-column-is-layout-6b73ce23 wp-block-column-is-layout-flow\">\n<figure class=\"wp-block-image aligncenter size-full is-resized\"><img alt=\"Comp\u00e9tences\" loading=\"lazy\" decoding=\"async\" width=\"941\" height=\"758\" src=\"https:\/\/rfinances.fr\/wp-content\/uploads\/2023\/02\/undraw_Percentages_re_a1ao.png\" alt=\"\" class=\"wp-image-83\" style=\"width:210px;height:auto\" srcset=\"https:\/\/rfinances.fr\/wp-content\/uploads\/2023\/02\/undraw_Percentages_re_a1ao.png 941w, https:\/\/rfinances.fr\/wp-content\/uploads\/2023\/02\/undraw_Percentages_re_a1ao-300x242.png 300w, https:\/\/rfinances.fr\/wp-content\/uploads\/2023\/02\/undraw_Percentages_re_a1ao-768x619.png 768w\" sizes=\"auto, (max-width: 941px) 100vw, 941px\" \/><\/figure>\n\n\n\n<h3 class=\"wp-block-heading has-text-align-center\" style=\"margin-top:16px\">Comp\u00e9tences<\/h3>\n\n\n\n<p class=\"has-text-align-center\">Nous avons les ressources que vous avez besoin en comptabilit\u00e9, fiscalit\u00e9, juridique.<\/p>\n<\/div>\n\n\n\n<div class=\"wp-block-column is-vertically-aligned-top is-layout-flow wp-container-core-column-is-layout-6b73ce23 wp-block-column-is-layout-flow\">\n<figure class=\"wp-block-image size-full is-resized\"><img alt=\"M\u00e9tier\" loading=\"lazy\" decoding=\"async\" width=\"984\" height=\"577\" src=\"https:\/\/rfinances.fr\/wp-content\/uploads\/2023\/02\/undraw_coffee_break_h3uu.png\" alt=\"\" class=\"wp-image-84\" srcset=\"https:\/\/rfinances.fr\/wp-content\/uploads\/2023\/02\/undraw_coffee_break_h3uu.png 984w, https:\/\/rfinances.fr\/wp-content\/uploads\/2023\/02\/undraw_coffee_break_h3uu-300x176.png 300w, https:\/\/rfinances.fr\/wp-content\/uploads\/2023\/02\/undraw_coffee_break_h3uu-768x450.png 768w\" sizes=\"auto, (max-width: 984px) 100vw, 984px\" \/><\/figure>\n\n\n\n<h3 class=\"wp-block-heading has-text-align-center\" style=\"margin-top:16px\">Votre m\u00e9tier<\/h3>\n\n\n\n<p class=\"has-text-align-center\">Nous accompagnons les ind\u00e9pendants, TPE, PME dans diff\u00e9rents secteurs d&rsquo;activit\u00e9<\/p>\n<\/div>\n\n\n\n<div class=\"wp-block-column is-vertically-aligned-top is-layout-flow wp-container-core-column-is-layout-6b73ce23 wp-block-column-is-layout-flow\">\n<figure class=\"wp-block-image size-large\"><img alt=\"Outils\" loading=\"lazy\" decoding=\"async\" width=\"1024\" height=\"663\" src=\"https:\/\/rfinances.fr\/wp-content\/uploads\/2023\/02\/undraw_Web_devices_re_m8sc-1024x663.png\" alt=\"\" class=\"wp-image-80\" srcset=\"https:\/\/rfinances.fr\/wp-content\/uploads\/2023\/02\/undraw_Web_devices_re_m8sc-1024x663.png 1024w, https:\/\/rfinances.fr\/wp-content\/uploads\/2023\/02\/undraw_Web_devices_re_m8sc-300x194.png 300w, https:\/\/rfinances.fr\/wp-content\/uploads\/2023\/02\/undraw_Web_devices_re_m8sc-768x497.png 768w, https:\/\/rfinances.fr\/wp-content\/uploads\/2023\/02\/undraw_Web_devices_re_m8sc.png 1100w\" sizes=\"auto, (max-width: 1024px) 100vw, 1024px\" \/><\/figure>\n\n\n\n<h3 class=\"wp-block-heading has-text-align-center\" style=\"margin-top:16px\">Outils puissants<\/h3>\n\n\n\n<p class=\"has-text-align-center\">Le portail informatique mis \u00e0 disponition de nos client augmente votre productivit\u00e9 au quotidien<\/p>\n<\/div>\n<\/div>\n<\/div>\n","protected":false},"excerpt":{"rendered":"<p>Experts Nous sommes Expert-Comptable et\u00e0 votre service ! Comp\u00e9tences Nous avons les ressources que vous avez besoin en comptabilit\u00e9, fiscalit\u00e9, juridique. Votre m\u00e9tier Nous accompagnons les ind\u00e9pendants, TPE, PME dans diff\u00e9rents secteurs d&rsquo;activit\u00e9 Outils puissants Le portail informatique mis \u00e0 disponition de nos client augmente votre productivit\u00e9 au quotidien<\/p>\n","protected":false},"author":1,"featured_media":0,"parent":0,"menu_order":0,"comment_status":"closed","ping_status":"closed","template":"","meta":{"_seopress_robots_primary_cat":"","_seopress_titles_title":"Ressources Finances - Comptabilit\u00e9 \/ Coworking \/ Domiciliation","_seopress_titles_desc":"Cabinet d'expertise comptable pour TPE, lib\u00e9raux, immobilier. Services de paiement, recouvrement, coworking, location de salles et domiciliation.","_seopress_robots_index":"","site-sidebar-layout":"no-sidebar","site-content-layout":"plain-container","ast-site-content-layout":"normal-width-container","site-content-style":"unboxed","site-sidebar-style":"unboxed","ast-global-header-display":"","ast-banner-title-visibility":"","ast-main-header-display":"","ast-hfb-above-header-display":"","ast-hfb-below-header-display":"","ast-hfb-mobile-header-display":"","site-post-title":"disabled","ast-breadcrumbs-content":"","ast-featured-img":"","footer-sml-layout":"","theme-transparent-header-meta":"enabled","adv-header-id-meta":"","stick-header-meta":"","header-above-stick-meta":"","header-main-stick-meta":"","header-below-stick-meta":"","astra-migrate-meta-layouts":"set","ast-page-background-enabled":"default","ast-page-background-meta":{"desktop":{"background-color":"var(--ast-global-color-4)","background-image":"","background-repeat":"repeat","background-position":"center center","background-size":"auto","background-attachment":"scroll","background-type":"","background-media":"","overlay-type":"","overlay-color":"","overlay-opacity":"","overlay-gradient":""},"tablet":{"background-color":"","background-image":"","background-repeat":"repeat","background-position":"center center","background-size":"auto","background-attachment":"scroll","background-type":"","background-media":"","overlay-type":"","overlay-color":"","overlay-opacity":"","overlay-gradient":""},"mobile":{"background-color":"","background-image":"","background-repeat":"repeat","background-position":"center center","background-size":"auto","background-attachment":"scroll","background-type":"","background-media":"","overlay-type":"","overlay-color":"","overlay-opacity":"","overlay-gradient":""}},"ast-content-background-meta":{"desktop":{"background-color":"var(--ast-global-color-5)","background-image":"","background-repeat":"repeat","background-position":"center center","background-size":"auto","background-attachment":"scroll","background-type":"","background-media":"","overlay-type":"","overlay-color":"","overlay-opacity":"","overlay-gradient":""},"tablet":{"background-color":"var(--ast-global-color-5)","background-image":"","background-repeat":"repeat","background-position":"center center","background-size":"auto","background-attachment":"scroll","background-type":"","background-media":"","overlay-type":"","overlay-color":"","overlay-opacity":"","overlay-gradient":""},"mobile":{"background-color":"var(--ast-global-color-5)","background-image":"","background-repeat":"repeat","background-position":"center center","background-size":"auto","background-attachment":"scroll","background-type":"","background-media":"","overlay-type":"","overlay-color":"","overlay-opacity":"","overlay-gradient":""}},"_themeisle_gutenberg_block_has_review":false,"footnotes":""},"class_list":["post-20","page","type-page","status-publish","hentry"],"_links":{"self":[{"href":"https:\/\/rfinances.fr\/index.php\/wp-json\/wp\/v2\/pages\/20","targetHints":{"allow":["GET"]}}],"collection":[{"href":"https:\/\/rfinances.fr\/index.php\/wp-json\/wp\/v2\/pages"}],"about":[{"href":"https:\/\/rfinances.fr\/index.php\/wp-json\/wp\/v2\/types\/page"}],"author":[{"embeddable":true,"href":"https:\/\/rfinances.fr\/index.php\/wp-json\/wp\/v2\/users\/1"}],"replies":[{"embeddable":true,"href":"https:\/\/rfinances.fr\/index.php\/wp-json\/wp\/v2\/comments?post=20"}],"version-history":[{"count":52,"href":"https:\/\/rfinances.fr\/index.php\/wp-json\/wp\/v2\/pages\/20\/revisions"}],"predecessor-version":[{"id":608,"href":"https:\/\/rfinances.fr\/index.php\/wp-json\/wp\/v2\/pages\/20\/revisions\/608"}],"wp:attachment":[{"href":"https:\/\/rfinances.fr\/index.php\/wp-json\/wp\/v2\/media?parent=20"}],"curies":[{"name":"wp","href":"https:\/\/api.w.org\/{rel}","templated":true}]}}